(z) = -2*z**3 + 3*z**2 - z - 10. Let w(g) = -3*g**3 + 4*g**2 - g - 11. Let p = -71 - -67. Let d(n) = p*q(n) + 3*w(n). Give d(0).
7
Suppose -5*z + 140 - 45 = 0. Let d be (-4 - (4 + z/(-2)))*-2. Let v(r) = -r**2 - 4*r + 1. Determine v(d).
4
Let p(z) be the second derivative of -z**5/20 + z**4/12 + z**3/6 - z. Suppose -c - 317*j + 315*j = 5, 8 = -4*j. Determine p(c).
1
Let w(y) = -10*y - 64*y**2 + 32*y**2 - 15 + 31*y**2. Determine w(-6).
9
Let k(j) be the second derivative of j**3/6 - 7*j**2 + 5*j. Let n be k(8). Let x be -3*(1 + (-2)/n). Let m(b) = -b**3 - 4*b**2 - 2*b - 4. Determine m(x).
4
Let k(r) be the second derivative of -r**3/2 + 21*r**2/2 + r + 17. Give k(7).
0
Let c(y) = -y**2 - 5*y - 5. Let j = -607 + 606. Calculate c(j).
-1
Let y(p) = p - 1. Let x(i) = 10*i - 1. Let u(g) = -2*g + 11. Let o be u(17). Let n = o - -25. Let h(f) = n*y(f) - x(f). Determine h(-2).
15
Let a(r) = -r**2 + r. Let v(s) = 4*s**2 - 2*s + 2. Let x(m) = -3*a(m) - v(m). Give x(-3).
-8
Let a(l) = l**3 + 10*l**2 + 8*l + 5. Let o = -366 - -357. What is a(o)?
14
Suppose -1108*j - 14 = -1115*j. Let u(l) = -l - 3. Calculate u(j).
-5
Let a = 2417 + -2418. Let d(w) = 37*w**2 + w. Determine d(a).
36
Let d(b) be the first derivative of 3*b**2 - b + 15. Suppose -5*q - 7 = -17. Determine d(q).
11
Let i(b) = 3*b - 15. Let d be i(5). Suppose -3*n + n = -10, 3*k = -5*n + 37. Let l(v) = -3*v + v**3 + 3 + k*v + v**2 - 2*v**3. Calculate l(d).
3
Let y(p) = -3*p**3 - 43*p**2 + 5*p - 8. Let l(b) = 4*b**3 + 50*b**2 - 6*b + 9. Let x(v) = 6*l(v) + 7*y(v). Determine x(0).
-2
Suppose -a + 5 = -1. Let f(r) = -49*r + 50*r + 8117 - 8114. What is f(a)?
9
Let b be -12 + (-12 - (-6 + -1)). Let w(v) = v**3 + 18*v**2 + 18*v - 3. Calculate w(b).
-20
Suppose -1997 = -91*d + 733. Let r(q) = -q + 19. What is r(d)?
-11
Let s(w) = -10*w + 27*w - 13*w - 13. Let b be s(4). Let z(g) = g**2 - 3*g - 1. Determine z(b).
-1
Let g(q) = -27*q + q**2 - 10 + 20*q - q. What is g(9)?
-1
Let p(a) = a + 10. Let l be p(-8). Suppose 22 + l = 8*s. Let j(x) = 3 + x + 1 - 9*x**2 - s*x + 8*x**2. What is j(-4)?
-4
Let w(p) = 7*p - 1 - 4 - 6. Let a(u) = 3*u - 5. Let b(o) = 9*a(o) - 4*w(o). Let f = 84 - 81. Calculate b(f).
-4
Let x(c) = 18*c - 1. Let j(l) = 2*l - 12. Let n be j(7). Let t be (-2 - 0/(n - -1))/2. Determine x(t).
-19
Let h = 2969 + -2963. Let r = -10 - -16. Let g(y) = -y + 5 + r*y - y**2 + y. Calculate g(h).
5
Let u(s) = s - 2. Let t be u(4). Let b(j) = 7 + 0 + 3*j - t - 4*j. Let g(a) = -a**2 + 10*a - 16. Let r be g(2). Determine b(r).
5
Let h(r) = -r**3 - r - 1. Suppose -1 - 1 = -2*g. Let s(n) = 4*n**3 + 4*n**2 + 5*n + 5. Let o(q) = g*s(q) + 5*h(q). Let l be (5/15)/(2/24). Calculate o(l).
0
Let k(g) = -g + 1. Let u be (3 + -1)*(-1)/2. Let b(n) = 11*n + 10*n**2 - 8*n - 8*n + 3. Let v(o) = u*b(o) + 4*k(o). What is v(-1)?
-10
Let l = 1128 + -1128. Let x(z) = -2*z + 22. Determine x(l).
22
Suppose 5*c - 5 = 2*s, -6*s = -3*s + 2*c - 21. Suppose 42 = -s*f + 12*f. Let b(v) = v**2 - 5*v - 6. Determine b(f).
0
Let o be 3/(-1) - (2 - 7). Suppose -4*m = 2*w - 8, o*w - 17 = -0*w - m. Let z(s) = -s - w + 2 + 2 + 3*s. What is z(4)?
2
Let p(o) be the second derivative of o**5/20 + 5*o**4/12 + 2*o**3/3 - o**2 + 26*o. Calculate p(-5).
-22
Let d(k) = k - 4*k - 5 + 16 - 9 + 2*k. Calculate d(5).
-3
Let m = -446 + 440. Let t(i) = -i**2 + 7. Determine t(m).
-29
Let k(v) be the second derivative of v**5/20 - 5*v**4/12 + v**3/6 + 2*v**2 + 220*v. Give k(3).
-11
Let r(d) = 5*d - 5*d + 4*d**2 + d - 5*d - 1 - d**3. Give r(5).
-46
Suppose 0 = -3*d - 7 + 13. Let u(i) = 3*i - 6*i**2 - 2*i**3 + 7 + d*i**3 + i + i**3. Determine u(5).
2
Let f(a) = -a**3 - 6*a**2 + 10*a + 10. Let u(g) = -g**3 - 3*g**2 + 9*g - 10. Let i be u(-6). Suppose -4*v + 16 = i. Determine f(v).
-11
Let s(g) = 5*g + 9. Let z(p) = 4*p + 8. Suppose -6*m = -8*m + 10. Let d(v) = m*s(v) - 6*z(v). What is d(5)?
2
Suppose 34 - 12 = 11*y. Let i(j) be the third derivative of -1/6*j**4 + 0 - 3*j**2 - 1/3*j**3 + 0*j. Determine i(y).
-10
Let l(b) = -10*b**2 - 23*b - 3. Let u be l(-2). Let x(a) = -4*a**2 + 2*a + 3. Let i(o) = -2*o**2 + o + 1. Let t(z) = 5*i(z) - 2*x(z). Determine t(u).
-16
Suppose 0*x + 54 = 3*x. Suppose 7*y - 31 = x. Let g(m) = 2*m - 4. What is g(y)?
10
Let x(d) = 2*d - 4. Let a = -88 + 96. Suppose -3*i + a = -1. Give x(i).
2
Let s = -220 + 219. Let q(a) = 6*a**3 - a**2. Determine q(s).
-7
Let f(n) = -2*n. Let v(b) = -13*b + 5. Let r(m) = 6*f(m) - v(m). Give r(12).
7
Let p = -250 + 254. Let f(l) = l**2 + 1. Determine f(p).
17
Let y(p) = p**3 + p**2 + p + 1. Let k be y(-1). Let q(v) = k*v + v - 3*v + 24. Let w be q(13). Let l(u) = 4*u + 2. What is l(w)?
-6
Let g(l) = -13*l**2 + 6*l - 13. Let w(v) = -2*v**2 - 1. Let m(h) = -g(h) + 6*w(h). What is m(6)?
7
Let p = 590 + -602. Let o(m) = -2*m - 29. Give o(p).
-5
Let x(i) be the first derivative of -i**2/2 - 3*i - 133. Determine x(-6).
3
Let f(g) be the first derivative of 1/2*g**2 + 2*g**3 + 1 + 3*g - 1/4*g**4. Let v = -93 + 99. Give f(v).
9
Let o(v) = -v. Let s = -140 - -83. Let g = -55 - s. Determine o(g).
-2
Let s(q) = 13*q - 228. Let p be s(18). Let c(h) be the first derivative of 1/3*h**3 + 3/2*h**2 - 4*h + p. Give c(-5).
6
Let w(q) = -q**3 - 5*q**2 - 3*q - 7. Suppose -83 = -2*h + 5*i, 0*h - 4*i - 114 = -3*h. Suppose 8*r + h = -6. Give w(r).
8
Let m(g) = -2 - g**3 + 7505*g - 7510*g + 0 - 5*g**2. Let l be (-7 - -3) + (-2)/(-2). Determine m(l).
-5
Let s(r) be the second derivative of -1/12*r**4 + r + 0 + 0*r**2 - 5/6*r**3. What is s(-5)?
0
Let r be (66/(-99))/(2/36). Let s be ((-7)/(-3))/(8/r - -1). Let y(a) = a**3 - 7*a**2 - 10. What is y(s)?
-10
Let s(r) = -2 - 208*r - 200*r - 2*r**3 + 405*r - r**2. Give s(-2).
16
Let v(b) = -3*b + 0*b + 5 + 4*b. Let i be 5 + 0 + -6 - -7. Let m be (4*2 - i/2)*-1. What is v(m)?
0
Let r(z) = -23*z - 43. Let o(f) = -13*f - 22. Let w(n) = -5*o(n) + 3*r(n). What is w(-5)?
1
Let r(h) = 6 + 21*h + 22*h - 63*h + 24*h. Give r(-6).
-18
Let p = -266 - -264. Let n(g) = 7*g. Determine n(p).
-14
Let y(j) = -3*j**2 + 4*j**2 + 2*j - 3 + 0*j + 0. Let g(k) = -4 - 7*k**2 + k - 7 + 8 + k**3 - 1. Let c be g(7). Calculate y(c).
12
Let a(s) be the second derivative of s**5/10 - s**4 + s**3/6 - 4*s**2 + 277*s. Give a(6).
-2
Suppose -10 = -2*r + 4*w + 2, 3*w = -15. Let x be ((-18)/3)/(3/((-6)/r)). Let d(v) = v**2 + v - 3. Give d(x).
3
Let u be (-36)/(-7) + (-13)/91 + 4. Let s(h) = -h**3 + 1. Let p(n) = 8*n**2 + 10*n - 1. Let j(m) = p(m) + s(m). What is j(u)?
9
Let x(l) = 2*l**2 + l + 1. Suppose 0 = -3*b + 2*s - 2, -b + 3*b = s. Give x(b).
11
Let w = 5 - -1. Let q(d) = -11*d**3 - 7*d**2 + 14*d - 21. Let k(g) = 13*g**3 + 7*g**2 - 15*g + 23. Let m(x) = 6*k(x) + 7*q(x). Calculate m(w).
3
Let h(v) = -v + 3. Let m be -39 + 13 + 2/2. Let c = m - -21. Let o(s) = 2*s + 12. Let d be o(c). What is h(d)?
-1
Let n(o) = -3*o + 4. Suppose 2*a + 4*d = d + 162, d - 154 = -2*a. Let y = 79 - a. What is n(y)?
-8
Let u be (216/(-42))/((-6)/21). Let y(j) = -21*j + u + 11*j + 9*j. What is y(0)?
18
Let r(c) = 67*c**3 + 2*c**2 - 3*c**2 - 65*c**3 + 4*c**2. Give r(-2).
-4
Suppose 18 = 2*s - 5*d, 0 = s - 0*s - 5*d - 19. Let z(p) be the second derivative of p**3/6 + p**2/2 + 32*p - 5. Give z(s).
0
Let l(y) = -7*y - 2. Suppose 5*q - 126 = -11. Suppose 4*k + q = 11. Give l(k).
19
Let g(z) = -4*z. Suppose 0 = -4*i + 3*i + 3. What is g(i)?
-12
Let y(j) = j - 6. Let w be 1/(-4) + (-9)/(-4). Let r(c) = -2 - c + c**2 - 6 - 7 + 17. Let t be r(w). What is y(t)?
-2
Let i(n) = -n**3 + 7*n**2 - 7*n + 7. Let w(v) = -v + 11. Let z be w(14). Let s = z - -9. Determine i(s).
1
Let q(c) = -6*c - 23. Let a(h) = -12*h - 38. Let n(w) = -3*a(w) + 5*q(w). Let l = 6 - 4. What is n(l)?
11
Let i(w) = w - 6. Let d(v) = v - 8. Let p be d(11). Suppose -8 = -p*n + 4. Determine i(n).
-2
Let h(z) be the first derivative of -5*z**2/2 + 2*z + 92. Determine h(-1).
7
Let t be 0/(13 - 25 - -10). Let y(z) = -z**3 + 2*z + 39. Calculate y(t).
39
Let j(o) be the third derivative of o**6/360 - 7*o**5/120 + 2*o**4/3 + 7*o**2. Let r(y) be the second derivative of j(y). What is r(8)?
9
Suppose -100 = -0*b - 5*b. Let h(g) = b - 22 + 5*g - 3*g. Determine h(3).
4
Let b(r) = r**3 - 4*r**2 - 2*r + 2. Let j be ((-2)/(-4))/(1/1376). Let w be j/(-68) + (-4)/(-34). Let a be 5/(w/(-6))*1. Wha